= a. Give m(r).
0
Let b(a) = a + 2 - 2*a + 0 + 0 - 1. Suppose 0 = -0*d + 2*d - 2*c, -3*d + 4 = -c. Give b(d).
-1
Let z(k) = -8*k + 16. Let o(v) = 3*v - 9. Let a(q) = -7*o(q) - 3*z(q). Suppose 10 = -i + 4*t, -3*i = -0*t - 3*t + 30. Give a(i).
-15
Let w(r) = r + 1. Let u(j) be the second derivative of -j**3/6 + 6*j. Let m(d) = u(d) - 2*w(d). What is m(-3)?
7
Let x(c) be the first derivative of c**3/3 + 5*c**2/2 - 13*c - 79. Determine x(-9).
23
Let k(h) be the third derivative of -h**4/24 - h**3/6 + 13*h**2. Suppose 10*p - 12 + 82 = 0. Determine k(p).
6
Let c = -51 + 18. Let x = c - -30. Let i(q) = -2*q - 3. What is i(x)?
3
Let j(o) = o - 7. Let g(w) = 4*w**3 - w**2 - 2*w - 1. Let s be g(-1). Let v be ((-15)/20)/(1/s). Suppose v*l = -l - 24. Give j(l).
-13
Let b be (-4 - (-9 + 4)) + -1. Suppose 15 = 2*l + 3*t, b*l + 2*t - 15 = -3*l. Let h(o) = o**3 - 2*o**2 - 2. What is h(l)?
7
Let a(y) = -1 + 1177*y - 5*y**2 - 1180*y - y**3 + y**2. Determine a(-4).
11
Let z(b) = 12 - 18 + 0. Let t(g) = 2*g + 1. Let u(y) = -t(y) - z(y). Give u(7).
-9
Let h(q) = q**3 - q**2. Let d(l) = -7*l**3 - 2*l**2 + 10*l + 8. Let s(g) = -d(g) - 6*h(g). Determine s(-9).
1
Let z(s) = s**3 - 14*s**2 - 15*s - 1. Let d be 10/((14/21)/1). Determine z(d).
-1
Let b be 4/(-10) + (-112)/70. Let l = 4 - b. Let x be (1 - 2) + (1 - l). Let w(g) = -g**3 - 6*g**2 + g - 4. What is w(x)?
-10
Let c(d) be the first derivative of d**4/4 - 4*d**3 + d**2/2 - 10*d + 157. What is c(12)?
2
Let u(o) be the third derivative of -o**4/12 - 5*o**3/6 + 26*o**2. Let z = 21 - 14. Let v = z + -3. What is u(v)?
-13
Let l = 18 + -20. Let p(f) = -12*f - 2 - 10*f + 23*f. What is p(l)?
-4
Let g(u) = u**3 + 4*u**2 - 6*u + 3. Suppose -3*p = -3*j, 4*p - p + 20 = -j. Give g(p).
8
Let a(l) = l**3 - 6*l**2 - 4*l - 1. Let n be 3/(-4) - (-7)/(84/93). Give a(n).
20
Let v(y) be the second derivative of y**3/6 + y**2/2 - 309*y. What is v(-12)?
-11
Suppose -7 = -3*o - 2*o - 4*p, 1 = 3*o + 4*p. Let r(a) = -5 + 2*a**o - a**3 + 4*a - 7*a**2 + a. What is r(6)?
-11
Suppose -3 = b - 6. Suppose -c + 4*r = b*c, -3*c + 5*r - 10 = 0. Let s(w) = -w**2 + 6*w - 3. Calculate s(c).
2
Let c(d) be the first derivative of d**4/4 - 7*d**3/3 + 5*d**2/2 - 4*d + 3097. Let m = -5 + 11. Determine c(m).
-10
Let w(m) be the third derivative of 11*m**6/120 + m**3/6 - 3*m**2 + 18. What is w(-1)?
-10
Let x(q) = q**2 - 9*q + 15. Let h = 18 + -11. Let c be x(h). Let t(s) = 7*s. Determine t(c).
7
Let h(m) be the first derivative of -m**2/2 - 6*m + 56. Give h(-11).
5
Let b = 9 + -9. Let m(g) = -11*g**2 + 11*g - 20. Let o(r) = 2*r**2 - 2*r + 1. Let l(v) = m(v) + 5*o(v). What is l(b)?
-15
Let t(v) be the third derivative of -v**6/120 + v**5/10 + v**4/24 - v**3/2 + 84*v**2. Let a = 19 - 15. Suppose -a = 2*g - 3*g, 4*w + 3*g - 36 = 0. What is t(w)?
3
Let a(x) = -70*x**2 + 133*x**2 - 64*x**2. Determine a(-1).
-1
Let t(w) = w**2 + 9*w + 7. Let m(f) = f**2 + 8*f + 5. Let v(i) = 3*m(i) - 2*t(i). Give v(-6).
1
Let d(c) = 9 - 5*c + 14 + 6 - 48 + 10. What is d(-7)?
26
Let g(j) = j - 2. Let v(t) be the second derivative of t**4/12 - 5*t**3/6 - t**2 + 3*t. Let c be v(4). Let k be (c/18)/((-1)/(-6)). What is g(k)?
-4
Suppose -3*a = a - 8. Let b(t) = -t**2 - 3*t + 9*t + a*t**2. What is b(-3)?
-9
Let x(t) = t - 10. Let g(d) = d**3 - 13*d**2 + 22*d + 15. Let z be g(11). Let c be (-1)/(-4) + (-33)/(-12). Suppose 33 - z = c*p. Calculate x(p).
-4
Suppose -q + 14 = 6*q. Let j be (-3 + (4 - q))*-5. Let n(v) = 5*v - v + 3 - 2 - j*v. Give n(-3).
4
Let w be 2/(32/(-44))*(-32)/4. Let y be (-4)/w + (-9)/11. Let a(d) = 14*d**3 - 2*d - 1. What is a(y)?
-13
Suppose -4*w = -3*f + 99, 2*w - 5*f + 15 = -24. Let p = w + 31. Let y(o) = 3*o - 3. Give y(p).
9
Let x(v) = 8*v**2 + 31*v - 55. Let h(u) = -5*u**2 - 15*u + 28. Let j(m) = 5*h(m) + 3*x(m). What is j(17)?
-8
Let g(k) be the third derivative of 8*k**2 + 7/6*k**3 - 1/12*k**4 + 0*k + 0 - 1/120*k**5. Let v(a) be the first derivative of g(a). What is v(6)?
-8
Let u(t) be the third derivative of 0*t + 2/3*t**3 + 0 + 1/24*t**5 - 1/12*t**4 - 4*t**2. Let b(z) be the first derivative of u(z). What is b(2)?
8
Suppose 15*o + 160 = -5*o. Let a(v) = -2*v - 21. Give a(o).
-5
Let h(b) = 3*b + 14. Let m be h(-8). Let n = 3 + m. Let x(q) = q**3 + 7*q**2. Give x(n).
0
Let l(d) = -d**3 - 4*d**2 - 5*d - 4. Let c be 159/33 + (-2)/(-11). Suppose 0 = c*z + 6 - 31. Suppose 2*u + z = -3*q, 5*u + 5*q + 7 = 2*u. What is l(u)?
16
Let q(v) = -v**3 - 2*v + 5*v**2 - v - 7 + 6*v. Let i(w) = -w + 16. Let s = 0 - -11. Let j be i(s). Calculate q(j).
8
Let j = -8 - -10. Let i be (j - 3 - 1) + 0. Let z(b) be the third derivative of -b**4/4 - b**3/2 - 9*b**2. What is z(i)?
9
Let c(l) = -1. Let v = 72 - 44. Let h = 24 - v. Let w(y) = 11*y - 5. Let s(j) = h*c(j) + w(j). What is s(1)?
10
Let d(u) be the first derivative of u**2/2 + 20*u - 285. Give d(-12).
8
Let y(a) be the first derivative of -5*a**4/4 + 25*a - 37. Let w(f) be the first derivative of y(f). What is w(-1)?
-15
Let k(y) = 2*y + 20. Suppose -p + 5*s - 21 = 0, -p = 22*s - 18*s - 6. Give k(p).
8
Let i(y) = -y + 15. Let s be (3 + -1)*(-7 - 162/(-12)). Give i(s).
2
Let n(o) = o**3 - 2*o**2 - 5*o - 3. Let w = -36 + 44. Suppose 4*p = 3*v + 4, -3*p - v + w = -2*v. Give n(p).
9
Let k(g) be the first derivative of g**4/4 - 5*g**3/3 + g**2/2 - 1. Let r be 912/(-40) + 2/(-10). Let d = 27 + r. Calculate k(d).
-12
Suppose 112 = -10*k + 32. Let n(a) = a**3 + 9*a**2 + 8*a + 7. Give n(k).
7
Let d(l) be the first derivative of -l**5/60 - l**4/8 + 3*l**3 + 4. Let w(c) be the third derivative of d(c). Give w(-2).
1
Let v(d) = 2*d - 8. Let q be v(4). Let j(h) = -6*h + 0*h + 1 - 9 + h**2 + q*h**2. Calculate j(8).
8
Let x = -8 + 3. Let t(s) = -7 - 5*s**2 + 9 - 8 - s**3 - 14*s + 0 + 15*s. Give t(x).
-11
Let b(s) = 2*s + 4*s + 16 - 3*s - 2*s - 5*s. What is b(5)?
-4
Suppose -3*k + 14 = -1, -4*l - 3*k = -11. Let s(q) = 2*q - 2 + q**3 + 3 - 2*q**2 + 0 + 4*q**2. What is s(l)?
0
Suppose 0*h - 3*h - 12 = 0. Let m = -19 + 25. Let w(y) = 0 - 29*y**2 - 7*y - m + 28*y**2. Give w(h).
6
Let s = -459 + 466. Let b(f) be the third derivative of -f**4/6 + 5*f**3/3 + f**2. What is b(s)?
-18
Let n(y) = y**2 + 8*y + 23. Let q be n(-4). Let o(l) = l**3 - 9*l**2 + 12*l + 7. Determine o(q).
-7
Let s(w) be the first derivative of -3 + 12*w - 1/2*w**2. Give s(8).
4
Suppose -2*i + 0*i = -8. Let c(q) = q - 6*q - 2*q**3 + i - 5*q**2 + 3*q**3. Suppose h = 2*y - 13, -h - 1 = -0. Calculate c(y).
10
Let s(m) = -m**2 + 9*m - 6. Let o = 30 + -21. Determine s(o).
-6
Suppose 0 = 16*l - 14*l + 2. Let s(i) = -i - 1. Let z = 2 + -3. Let a(h) = -5*h**2 + h + 1. Let k(v) = z*a(v) - 2*s(v). Calculate k(l).
5
Let p = 17 - 26. Let u be (p/18)/((-2)/(-4)). Let f(d) = 4*d + 1. Calculate f(u).
-3
Let o(c) = c**3 - 5*c**2 + 6*c - 4. Let w = -30 + 34. Determine o(w).
4
Let c(k) be the second derivative of k**8/6720 - k**7/840 - k**6/720 - k**5/60 + 7*k**4/12 - 12*k. Let t(x) be the third derivative of c(x). Determine t(2).
-8
Let w(x) be the second derivative of -x**4/12 + 19*x**3/6 + 23*x**2 - 193*x. Calculate w(21).
4
Let l(u) = -8*u**2. Let h(f) be the first derivative of -f**4/4 - 7*f**3/3 - 5*f**2/2 + 7*f + 3. Let t be h(-6). Let a be 0 + t - (-7 + 7). Determine l(a).
-8
Let f be 3 + 2*1*9/(-6). Let s(n) = f*n**2 - n + 3*n**2 - 23 + 2*n**2 - 6*n**2. Determine s(0).
-23
Let v be (1*(2 - -3) - 4)*5. Let t(n) = n**2 - 4*n + 1. What is t(v)?
6
Suppose -9*d + 7 = -2. Let i(g) be the first derivative of 7*g**4/12 + g**3/6 - g**2/2 - 2*g - 2. Let f(c) be the first derivative of i(c). Determine f(d).
7
Let g(u) = u**2 + 8*u - 5. Suppose 53 = -5*w + 4*i, -2*i + 31 = -3*w - 0*w. Give g(w).
4
Let z(i) = 9. Let h(m) = m + 36. Let n(t) = -5*h(t) + 20*z(t). Give n(-3).
15
Let p(k) = 2*k**2 + 20*k + 22. Let u = -86 - -77. Let w be p(u). Let y(n) = 5*n - 6. Give y(w).
14
Let w(k) = 1 - k**2 + k - 2*k**2 - 2. Suppose 0 = 2*u + 15 - 63. Let d = -23 + u. Give w(d).
-3
Let g(s) = -s**3 + 4*s**2 - 3*s + 1. Let b be (-2)/((-8)/34) - (-9)/(-18). Suppose -b = -5*c + 3*c. Give g(c).
-11
Let f(y) = 6*y + 36 - y**2 - 4*y + y - 35 - y. Suppose -i - 3*j = -0*i + 9, -2*i = 5*j + 15. Suppose -5*z + i*z - 2 = -3*g, 0 = -4*g + 4*z. Give f(g).
-2
Let s be 2/6*3*3. Let i(x) = 2*x - 5*x + 2*x + x**s - 2*x - 1.